-1a41066 (base 14) to base 7.
-216021156
211010210 (base 4) to base 5
14324334
-1303012111 (base 4) to base 7
-4002322
What is 21210021222 (base 3) in base 16?
256d9
-4a5e21 (base 15) to base 4
-31212010132
772152 (base 8) to base 12
105ba2
What is -177ab2 (base 12) in base 16?
-63866
What is -d7c1a (base 15) in base 14?
-13b631
Convert -21202021110 (base 3) to base 7.
-1203534
What is 10101100101101001000 (base 2) in base 16?
acb48
Convert -23634135 (base 8) to base 15.
-6c8483
b59079 (base 13) to base 14
7c79c1
8416 (base 11) to base 15
3484
What is 13043134 (base 5) in base 14?
34891
Convert -21122102101021 (base 3) to base 14.
-77a97c
Convert 50606505 (base 8) to base 9.
22086102
-375534 (base 8) to base 6
-2441152
What is 1001111100010001111110 (base 2) in base 11?
1520099
What is 2867110 (base 9) in base 7?
16266633
What is -1010000001111010010111 (base 2) in base 13?
-7109a8
634650 (base 10) to base 8
2327432
What is -7248361 (base 9) in base 3?
-21021122102001
Convert -1422043 (base 6) to base 10.
-80811
Convert 102123415 (base 6) to base 13.
4a60a5
-14113232 (base 5) to base 4
-203112301
What is 10301223 (base 5) in base 11?
5a977
-455dc7 (base 16) to base 5
-2130432431
12402030 (base 5) to base 4
131310130
Convert a58b (base 12) to base 14.
6855
What is -2943302 (base 11) in base 5?
-2243234003
Convert f1e9d0 (base 16) to base 3.
1002211110122101
a7574 (base 15) to base 12
217431
What is 12110202210 (base 3) in base 13?
3a056
Convert -38708 (base 12) to base 5.
-4431143
Convert 1b4857 (base 13) to base 6.
22524420
Convert -2202002112122 (base 3) to base 12.
-5a3b8b
Convert 5cc39 (base 16) to base 14.
9c681
Convert -1320254 (base 6) to base 13.
-2710c
What is -2013352 (base 7) in base 16?
-3a540
What is 4617319 (base 11) in base 2?
11110110011111001011011
Convert 47620 (base 14) to base 15.
368a1
What is 1234903 (base 12) in base 6?
204102003
What is 11010101111001000101001 (base 2) in base 13?
15b5232
What is 60535 (base 8) in base 14?
9125
What is 474524 (base 12) in base 8?
4302354
-1166465 (base 11) to base 12
-81a233
What is -13023231104 (base 5) in base 4?
-330122103310
6784ac (base 13) to base 8
11251377
Convert -eccb (base 15) to base 12.
-25025
-131459 (base 12) to base 3
-120220220220
-1b05c2 (base 13) to base 3
-1021212122201
What is 1264617 (base 8) in base 15?
7016d
1313532 (base 8) to base 15
73886
20011221100 (base 3) to base 6
2335230
Convert 5445513 (base 9) to base 11.
1717696
What is 44511531 (base 6) in base 16?
148d8f
What is 3145411 (base 6) in base 2?
100101101000101111
330320000 (base 5) to base 8
5317253
40043124 (base 5) to base 15
636c9
3994aa (base 11) to base 15
c5dda
What is 3110715 (base 8) in base 3?
1112211222112
What is -4878580 (base 10) in base 4?
-102213003310
What is -101001111010000000 (base 2) in base 9?
-281410
-65343 (base 9) to base 8
-124435
What is -12a910 (base 12) in base 3?
-120200201110
-1215612 (base 7) to base 13
-55b27
Convert 3765a4 (base 12) to base 9.
1625437
What is -5e0c (base 15) in base 10?
-20037
-bd641 (base 16) to base 13
-212129
Convert e40cd (base 15) to base 2.
10110000011000001011
Convert 3cb66 (base 14) to base 2.
100100101110010110
What is 4102221 (base 5) in base 4?
100012100
354204002 (base 6) to base 3
110111102112002
What is -ab33c (base 14) in base 6?
-12521122
20030030 (base 4) to base 2
1000001100001100
Convert 12324327 (base 9) to base 11.
3455467
23137356 (base 8) to base 16
4cbeee
-106042 (base 10) to base 11
-72742
Convert -283b07 (base 12) to base 9.
-1231457
What is -24045454 (base 7) in base 9?
-4004677
Convert -13510340 (base 7) to base 6.
-43023405
Convert 1677504 (base 9) to base 6.
32030434
Convert 3221211000 (base 5) to base 11.
3938656
Convert -1ab4 (base 13) to base 8.
-7702
Convert 130202 (base 8) to base 12.
22196
What is 4366057 (base 8) in base 15?
183050
What is -11111100100111110011100 (base 2) in base 5?
-4104343131
Convert 321001101 (base 4) to base 11.
14a521
-178051 (base 9) to base 4
-123010012
1428876 (base 11) to base 9
4554017
-116865 (base 11) to base 3
-100101101101
What is 19512 (base 13) in base 6?
1015430
-405591 (base 11) to base 12
-275090
-11466 (base 11) to base 16
-4090
Convert 16552 (base 9) to base 13.
524c
Convert 11200002201 (base 3) to base 15.
1c387
-2211120022101 (base 3) to base 16
-16fefd
2576b23 (base 13) to base 15
1069170
Convert -10122202121 (base 3) to base 2.
-10001100100111110
What is -778c3e (base 15) in base 6?
-322055435
Convert -1521c (base 14) to base 11.
-36537
Convert -31503454 (base 7) to base 10.
-2673577
What is -22000010120 (base 3) in base 12?
-77220
What is -113140444 (base 5) in base 4?
-1333102132
What is 3413240040 (base 5) in base 16?
734a3d
Convert 321621 (base 8) to base 10.
107409
Convert 1358104 (base 11) to base 4.
20322332010
Convert 7eea0 (base 15) to base 10.
404925
What is 212102000110122 (base 3) in base 8?
57350675
Convert -1741076 (base 8) to base 3.
-221211111112
23120525 (base 6) to base 9
1302438
121122022102 (base 3) to base 4
1033331330
-15a0c (base 15) to base 5
-4213022
What is -203113232232 (base 4) in base 13?
-1bc8541
What is -1222220022 (base 3) in base 4?
-21211331
310020 (base 7) to base 3
2200110220
212544 (base 6) to base 9
25881
-737845 (base 15) to base 14
-a2db66
What is -244288 (base 9) in base 11?
-a0901
Convert 2040733 (base 8) to base 5.
114304042
What is -9207907 (base 10) in base 4?
-203020001203
-429481 (base 10) to base 3
-210211010201
What is -565e99 (base 15) in base 9?
-7670600
What is 123020 (base 9) in base 7?
426561
Convert -22111212102011 (base 3) to base 7.
-53312614
-220122122011 (base 3) to base 6
-14222304
Convert 11011100111011010 (base 2) to base 12.
55562
-102120201112022 (base 3) to base 5
-3033432313
Convert -202202100032 (base 4) to base 6.
-522012542
Convert -30013310 (base 4) to base 5.
-3042102
Convert -14a6c8 (base 13) to base 15.
-a0ac5
What is -12032113 (base 4) in base 14?
-9411
What is -114511 (base 9) in base 4?
-100311031
Convert 153314 (base 10) to base 13.
54a25
Convert -862100 (base 10) to base 11.
-539788
2480246 (base 9) to base 16
14a05a
What is -101002202102 (base 3) in base 13?
-6c674
-1510110 (base 6) to base 11
-5a2a7
-860c (base 15) to base 13
-cba9
-1122110110021 (base 3) to base 9
-1573407
-4397a (base 13) to base 11
-84005
Convert -22210342 (base 6) to base 9.
-1231258
50645501 (base 7) to base 10
4230122
What is 9652440 (base 11) in base 14?
2382714
What is -455002020 (base 6) in base 11?
-4794978
12221201202 (base 3) to base 9
187652
What is 1641756 (base 10) in base 8?
6206434
-81a2b1 (base 12) to base 3
-10211002101121
Convert -3440720 (base 8) to base 13.
-269393
Convert 47279 (base 14) to base 7.
1321312
What is -192bb4 (base 16) in base 2?
-110010010101110110100
-1013133121 (base 4) to base 15
-5bb6a
Convert -763200 (base 8) to base 16.
-3e680
Convert -2b73a6 (base 13) to base 10.
-1072779
130012223 (base 4) to base 13
40520
4427401 (base 8) to base 2
100100010111100000001
Convert -3121211022 (base 4) to base 10.
-891210
-13ac51 (base 13) to base 10
-481040
Convert -213310210 (base 4) to base 2.
-100111110100100100
What is -2749735 (base 10) in base 15?
-394b0a
-88168 (base 15) to base 3
-210222000222
-58117 (base 15) to base 7
-2245261
40055472 (base 8) to base 11
4826039
What is 1800770 (base 12) in base 2?
10010111111010001000100
Convert 110222111001 (base 3) to base 12.
103a3a
Convert 102343211 (base 7) to base 11.
346aa06
341093 (base 11) to base 13
1602ba
1ede7d (base 15) to base 5
341442033
-1101220021001 (base 3) to base 9
-1356231
Convert 422b0 (base 14) to base 15.
324b8
Convert -1267228 (base 11) to base 7.
-24424020
Convert -31de50 (base 15) to base 4.
-21010002222
14d74f (base 16) to base 5
322201324
1003450213 (base 6) to base 5
10111132304
Convert -706016 (base 8) to base 12.
-b263a
What is 121410311 (base 5) in base 13?
172071
-128555 (base 11) to base 14
-536b4
What is -a42da (base 14) in base 11?
-250346
Convert -1d3cb (base 14) to base 2.
-10010010001100111
What is -4121320 (base 5) in base 11?
-46447
Convert 466973 (base 12) to base 11.
703122
-292cb (base 16) to base 13
-5b9c2
Convert -2232003433 (base 5) to base 11.
-28837aa
Convert 24ee46 (base 15) to base 14.
341952
What is 1212